.
-10
What is -11 + 1 + 25 + -19?
-4
19 + -9 - (-2 - -20) - -10
2
What is the value of 7 - (-6 - -8 - -17) - (-2 - -2)?
-12
Calculate (3 - (-9 + 14)) + (-14 - -4).
-12
What is the value of (-15 - 10) + -8 + 21?
-12
(-6 - (-2 - -2)) + 13 + -10
-3
Evaluate -42 + -13 - -26 - -62.
33
5 + 1 + (-13 - 5 - 2)
-14
-11 + -1 + -3 + 2 + 17
4
(1 - 20) + (9 + -8 - 9)
-27
Evaluate 34 - 45 - (2 + -5).
-8
(14 - (2 - -20)) + 3
-5
What is the value of (-2 - (8 - 3)) + 24?
17
Evaluate -114 - -73 - (13 - 93).
39
Calculate (-21 - 10) + 23 + 6.
-2
-15 - -27 - (-4 + 3 + -1)
14
-2 + (3 + -6 + 2 - (-5 - -2))
0
What is the value of (-15 - (-21 + 35)) + 24?
-5
What is (0 - -2) + -3 + -18 + 13?
-6
What is the value of 6 + (-11 - (-1 - -2)) - -45?
39
What is the value of 23 - (-26 - -57) - (-1 - 1 - -2)?
-8
(-20 + 12 - 3) + (-1 - -2)
-10
What is the value of 12 - (15 - (4 - 9))?
-8
What is the value of -13 - -3 - (-43 + (19 - 1) + -3)?
18
What is the value of 14 + -10 - (17 - 4) - (18 + 2)?
-29
What is the value of (-2 - -14) + (45 - 52)?
5
What is the value of 14 + 10 + -13 + -30?
-19
What is the value of 89 + -99 + (26 - -2) + 1?
19
Evaluate -32 - -32 - (1 - 6 - (2 - 37)).
-30
6 + (0 - 1) + 7 + -13
-1
What is (-11 - -2) + -246 + 249?
-6
What is the value of (12 + -4 - -3) + 2 + -11?
2
What is (7 - -7) + -17 - -22?
19
-2 - ((-1 - (-9 - -4)) + -6 - 1)
1
Evaluate 0 + (-20 - (8 + -6 + -12 + 5)).
-15
Evaluate 1 - -1 - (0 + -13 - (-76 + 58)).
-3
What is the value of 408 + -403 - (0 + (6 - 3) - 13)?
15
What is the value of (-13 - (-10 - -6)) + 4 + 6 + 4?
5
Evaluate 13 + 1 + (1 - (5 + 4 + -12)).
18
What is the value of 3 - (8 + -10 + 6 - 7)?
6
What is the value of 33 + -49 + (3 - -6) - 22?
-29
What is 15 - 2 - (-55 + 6 + 35)?
27
What is -31 + -32 + 21 + (33 + -7 - 8)?
-24
Calculate 9 + (19 + -32 - -4).
0
Evaluate (-4 - 5 - -2) + 1 + -3.
-9
(-35 - -90) + -78 - (-3 - (1 + 5))
-14
1 - 32 - (-286 - -273)
-18
What is the value of 6 + -18 + 0 - (-34 + 37)?
-15
What is -5 + (9 - ((4 - 11) + 10)) - -8?
9
8 + 0 - (218 + -204)
-6
1 + 6 + -8 + 1 + 6 + -2
4
Evaluate 27 + 7 + -4 - 29.
1
What is (-4 + (-2 - -12) - 3) + (-1 - -3)?
5
What is the value of (-7 - 3) + -3 + 2 + 0?
-11
Calculate 66 - 76 - 26 - (0 - 5).
-31
-5 + -2 + 2 - (49 - (27 + 20))
-7
Calculate -2 - 2 - (-20 + 6 + 2).
8
Evaluate -11 - (10 - 21 - 13).
13
What is the value of (4 - -3) + (-3 - 6) + 5?
3
5 + (25 - 11) + -10 - 27
-18
Evaluate (1 - (-10 - -3) - 7) + (10 - 10).
1
3 + 19 + 2 + (-2 - (1 + 0))
21
(-1 - -2 - 1) + -6 + (-158 - -149)
-15
Evaluate -1 - (-1 - 10) - (431 + -452).
31
10 + 5 + -10 - -4 - 1
8
-2 - ((5 - 4) + -5 + (-7 - 1))
10
-44 + -10 + -8 + 38
-24
What is -5 + (0 + 5 - 0) - (1 - -18)?
-19
Evaluate 4 + (-6 + 0 - 5 - 2).
-9
Calculate -64 + 79 - (3 + 2).
10
What is (-6 + 8 - -11) + (80 - 98)?
-5
Evaluate (5 - (35 + -17)) + 9.
-4
Evaluate 220 + -213 - ((2 - 3 - 1) + 4).
5
What is 20 - (-12 + 2 - (-21 - -3) - 15)?
27
What is the value of (1 - (-5 + 7 + -6)) + 0?
5
What is 8 + (8 - 13) + 3?
6
17 - (-9 + 6 + -2 + 8)
14
(3 - -3) + -3 - (-172 + 183)
-8
Calculate -4 + (6 - 8) - (-13 + -4).
11
15 + (-38 + 19 - 5)
-9
Evaluate 19 - 25 - -25 - 3.
16
Evaluate 0 + 11 + (16 - 14) + 12 + -19.
6
What is the value of (31 - 36) + 26 - 7?
14
What is 26 + (-6 + (3 - 3) - -8 - -6)?
34
Calculate (-4 - ((-4 - -1) + -6)) + 5 + 3.
13
Evaluate 28 - (-2 + -22 + 48).
4
-3 + (10 - -2) + (-11 - 0) + 7
5
What is 7 + (-30 - 14) + 20?
-17
What is the value of -19 + (55 - 18) + -19?
-1
Evaluate (-560 - -634) + (-43 - -2).
33
Evaluate -20 + -6 + (15 + 11 - 11) - -42.
31
48 + -31 + (-4 - -6) + 1 + 3
23
Evaluate (-1 - -13) + (2 + -24 - 4).
-14
Calculate -7 + 8 + 13 + -8 - (0 - 1).
7
-2 + 2 - 2 - (-22 + 21 + -5)
4
Evaluate (1 - -2 - (8 - 0)) + (-21 - -17).
-9
Calculate -3 - 1 - (5 + (-29 - (-33 + 0))).
-13
(-12 - -3 - -1) + (11 - -12)
15
What is 11 - (19 + -15 + -18 + 13)?
12
Calculate 15 + (-76 + -1 - -30).
-32
(-3 + 0 + 1 - (12 - 18)) + -9
-5
Calculate -3 + (5 - 3) + (-15 - -20) - -2.
6
-29 + (19 - 8 - -23)
5
Evaluate -229 - -252 - (23 + -1).
1
What is (-24 - (-7 - (-5 + 11))) + -16?
-27
What is the value of 8 - (15 + (18 - -3) - 14)?
-14
Evaluate -27 - (-14 - (17 + -39)).
-35
What is (-7 + -7 - -8) + 0 + -8?
-14
Calculate 9 + 3 + 6 + (-19 - -5) + 3.
7
What is (1 - (0 - -28)) + (-77 + 5 - -74)?
-25
Evaluate 21 - (-13 + 3 - -42).
-11
Evaluate -3 + 31 + 14 + -37.
5
What is the value of -11 + (9 - (-2 + -4))?
4
What is the value of -9 - (-11 - (-5 - 7))?
-10
1 + 1 - -5 - (-216 + 210)
13
What is 8 + -4 - 15 - (2 + -6 + 3)?
-10
What is 20 + 3 + 4 + -4 + 5 + -14?
14
Evaluate (10 - 2 - 3) + (-17 - -3) + -13.
-22
Evaluate -19 + 8 + 1 + 4 + -5.
-11
Evaluate (-1 - -12 - 15) + 4 + -1 + 0.
-1
What is the value of (-6 + 3 - -4) + (8 - 18 - -12)?
3
-111 + 115 + (1 - 11)
-6
What is 8 + -21 + 10 + 2?
-1
What is the value of -8 - (7 - (-10 + (-4 - -6)))?
-23
What is 12 + 0 + (-21 - (-24 + 9))?
6
Evaluate 5 - -4 - (6 + -12) - 2.
13
29 - ((58 - 13) + 19)
-35
6 + -14 + 17 + (-6 - (4 + -1))
0
-21 + 3 + (67 - (45 + 8))
-4
Calculate -8 - -28 - (14 + -1).
7
Evaluate 10 + -11 + 1 - (-1 + -19).
20
What is (10 - -13) + (45 - 70)?
-2
Evaluate -2 + -2 + -8 + -3 + 4.
-11
Calculate -1 - (1 + 9) - (898 - 913).
4
What is the value of 0 + 2 - (149 + -135)?
-12
-8 + 10 + -7 + -2 + -1
-8
What is -4 + (-3 - -3 - 4 - 1) + -8?
-17
What is (6 - -11) + (-6 - 6)?
5
11 - (23 + -15 + (7 - (8 - 11)))
-7
9 + -15 - -5 - 11
-12
Evaluate -1 + (46 - 22) - 2.
21
Evaluate -8 + 1 + (-10 - -9) + 18.
10
Calculate (-5 - 13) + 11 - (37 + -22).
-22
(11 - (10 + -8 + 1)) + -22
-14
Evaluate -7 - (0 - 1) - (-4 + (28 - 4)).
-26
10 - (-3 - 0 - -5 - (-27 - -10))
-9
(-2 - 1) + 8 + 2 - (45 + -43)
5
What is the value of 4 - ((0 - (6 - 8)) + 5 - 3)?
0
What is the value of 7 + (16 - 5) + -16?
2
What is -37 + (0 - -2) + (-57 - (-93 + 28))?
-27
Calculate -131 - -101 - (-2 + -22).
-6
What is 5 + 6 + -4 + (-6 - -4) + -15?
-10
Calculate (-2 - (10 - 1)) + 11.
0
3 - (0 - (12 - (0 + 2))) - 4
9
What is the value of -7 - (-6 - -1 - (-160 + 159))?
-3
What is the value of -2 - (30 - 20) - (-6 - 31)?
25
What is -6 + (1 - -6 - (-3 + (-11 - -4)))?
11
Evaluate -1 + 26 - (12 - -11 - 9).
11
Evaluate -16 + (-1 - -8) + 1.
-8
-8 + 13 + -16 + (-19 - -40)
10
What is -7 + (0 - -15 - 48) + 13?
-27
What is the value of (-2 - 15) + 17 + (17 - 1) + -1?
15
Evaluate (-3 - 7) + (-18 - (21 + -40)).
-9
What is the value of -2 + 18 - (579 + -539)?
-24
What is the value of (-10 - 0) + -1 + 47 - 9?
27
(3 - 7 - 0 - -7) + 34 + -65
-28
Evaluate 2 - (-11 + 3 - (-3 + -5) - -6).
-4
Evaluate -1 - -1 - (-93 + 95) - (15 - -2).
-19
What is the value of 0 + 4 - (246 + -234)?
-8
What is the value of -2 - (15 + 9 + -3 + -7)?
-16
Evaluate 2 + -21 + -10 + 24.
-5
Evaluate (-4 - (-2 - (9 - (2 - -8)))) + 21.
18
17 - (-35 + 21) - 4
27
What is the value of -1 - (-6 - 2) - (-55 + (96 - 37))?
3
(-29 - -14 - -1) + (32 - -3)
21
Evaluate -4 - (-6 - (1 - (-6 - -19))).
-10
-1 + (1 - 5) + (-7 + 1 - -2)
-9
What is the value of -1328 - -1311 - (-55 + -2)?
40
Calculate (-1 + 7 - (-4 + 5 - 9)) + -4.
10
Calculate (9 - 23) + 2 + (29 - -7).
24
What is -2 + (2 - -11) + 12 + 1 + -12?
12
Calculate 11 + 14 + -36 + 8 + -1.
-4
What is the value of -5 + (5 - -1) + 3 + 9?
13
What is -4 - (13 + (7 - 17) + 3)?
-10
3 - 3 - -8 - (12 + -20 + 15)
1
What is the value of 8 + 0 + -7 + (-10 - (-26 - -4))?
13
What is -6 + (-26 - -42) + -17?
-7
46 - (29 - 4 - 4)
25
What is 5 + (1 - 6) - (2 - (11 - 13))?
-4
What is 0 + 2 + (2 - 4)?
0
Evaluate (-19 - (16 - 42)) + 14.
21
What is the value of (52 - (-11 + 77)) + (1 - 15)?
-28
What is the value of -15 + (-2 - (15 - (19 + -8)))?
-21
What is 7 - (-6 + 6) - 14?
-7
What is the value of -2 + (-2 - -2) + -1 - 7 - -9?
-1
39 + -40 + (-3 + 1 - -4)
1
What is -2 - (-13 + -10 + 19)?
2
Evaluate 9 + (-74 - -81 - (16 + 0)) - 4.
-4
What is (2 - -6) + (-19 - (-27 - -14))?
2
Evaluate -1 + -13 + 9 - -15.
10
-23 - (-31 + 12) - (5 + -3)
-6
Calculate -25 + -1 - (815 - 822).
-19
3 - (6 - (6 + (-18 - -8 - -15)))
8
What is 16 + -1 + (59 - 40) + -27?
7
What is the value of (-20 + 29 - 20) + -1 + 0?
-12
-15 - (-12 + (-3 - -3))
-3
Calculate (-1 + 6 + -3 - 11) + 7 - 3.
-5
Calculate 31 + (-19 + 10 - 4) - 10.
8
Evaluate 1 + -7 + 12 + -10 + (10 - 12).
-6
-8 + -38 + 53 + (-10 - (3 - 1))
-5